{"id":184,"date":"2020-03-28T14:18:12","date_gmt":"2020-03-28T13:18:12","guid":{"rendered":"http:\/\/claudechevalier.fr\/?page_id=184"},"modified":"2020-03-29T19:31:19","modified_gmt":"2020-03-29T17:31:19","slug":"accueil-du-public","status":"publish","type":"page","link":"https:\/\/claudechevalier.fr\/index.php\/accueil-du-public\/","title":{"rendered":"Accueil du public."},"content":{"rendered":"<p>L&#8217;accueil en musique\u00a0 d&#8217;un spectacle ou d&#8217;une manifestation plonge le public dans une ambiance. Il est vecteur de bonne humeur. Je peux proposer ceci \u00e0 l&#8217;accord\u00e9on ou \u00e0 l&#8217;orgue de barbarie.<\/p>\n<h1>Quelques exemples&#8230;<\/h1>\n<h1><span style=\"font-size: 14pt;\">Accueil au Pasino de Saint Amant les eaux, <span style=\"display: inline !important; float: none; background-color: #ffffff; color: #212121; font-family: 'Playfair Display',serif; font-size: 14pt; font-style: normal; font-variant: normal; font-weight: 400; letter-spacing: normal; orphans: 2; text-align: left; text-decoration: none; text-indent: 0px; text-transform: none; -webkit-text-stroke-width: 0px; white-space: normal; word-spacing: 0px;\">avant le spectacle offert aux habitu\u00e9s.<\/span><\/span><\/h1>\n<p>Janvier 2020.<img loading=\"lazy\" class=\"alignnone size-medium wp-image-223\" src=\"http:\/\/claudechevalier.fr\/wp-content\/uploads\/2020\/03\/saint-amant-les-eaux-169x300.jpg\" alt=\"\" width=\"169\" height=\"300\" srcset=\"https:\/\/claudechevalier.fr\/wp-content\/uploads\/2020\/03\/saint-amant-les-eaux-169x300.jpg 169w, https:\/\/claudechevalier.fr\/wp-content\/uploads\/2020\/03\/saint-amant-les-eaux.jpg 350w\" sizes=\"(max-width: 169px) 100vw, 169px\" \/><\/p>\n<h1><\/h1>\n<p>&nbsp;<\/p>\n","protected":false},"excerpt":{"rendered":"<p>L&#8217;accueil en musique\u00a0 d&#8217;un spectacle ou d&#8217;une manifestation plonge le public dans une ambiance. Il est vecteur de bonne humeur. Je peux proposer ceci \u00e0 l&#8217;accord\u00e9on ou \u00e0 l&#8217;orgue de<a href=\"https:\/\/claudechevalier.fr\/index.php\/accueil-du-public\/\" class=\"more-link\"><span class=\"readmore\">Continue reading<span class=\"screen-reader-text\">Accueil du public.<\/span><\/span><\/a><\/p>\n","protected":false},"author":1,"featured_media":0,"parent":0,"menu_order":0,"comment_status":"closed","ping_status":"closed","template":"","meta":[],"_links":{"self":[{"href":"https:\/\/claudechevalier.fr\/index.php\/wp-json\/wp\/v2\/pages\/184"}],"collection":[{"href":"https:\/\/claudechevalier.fr\/index.php\/wp-json\/wp\/v2\/pages"}],"about":[{"href":"https:\/\/claudechevalier.fr\/index.php\/wp-json\/wp\/v2\/types\/page"}],"author":[{"embeddable":true,"href":"https:\/\/claudechevalier.fr\/index.php\/wp-json\/wp\/v2\/users\/1"}],"replies":[{"embeddable":true,"href":"https:\/\/claudechevalier.fr\/index.php\/wp-json\/wp\/v2\/comments?post=184"}],"version-history":[{"count":5,"href":"https:\/\/claudechevalier.fr\/index.php\/wp-json\/wp\/v2\/pages\/184\/revisions"}],"predecessor-version":[{"id":224,"href":"https:\/\/claudechevalier.fr\/index.php\/wp-json\/wp\/v2\/pages\/184\/revisions\/224"}],"wp:attachment":[{"href":"https:\/\/claudechevalier.fr\/index.php\/wp-json\/wp\/v2\/media?parent=184"}],"curies":[{"name":"wp","href":"https:\/\/api.w.org\/{rel}","templated":true}]}}