{"id":169,"date":"2020-03-28T14:14:21","date_gmt":"2020-03-28T13:14:21","guid":{"rendered":"http:\/\/claudechevalier.fr\/?page_id=169"},"modified":"2020-11-29T19:36:35","modified_gmt":"2020-11-29T18:36:35","slug":"duo-sur-les-quais","status":"publish","type":"page","link":"https:\/\/claudechevalier.fr\/index.php\/duo-sur-les-quais\/","title":{"rendered":"Duo &#8220;Sur les quais&#8221;."},"content":{"rendered":"<h1 style=\"text-align: center;\"><strong><span style=\"font-size: 14pt;\">SUR LES QUAIS<\/span><\/strong><\/h1>\n<p><span style=\"color: #0000ff; font-size: 14pt;\"><strong>Duo d&#8217;<span style=\"color: #ff0000;\">accord\u00e9on,<\/span>\u00a0<span style=\"color: #ff0000;\">guitares et ukul\u00e9l\u00e9\u00a0<\/span> pour toutes vos manifestations.<\/strong> <\/span><\/p>\n<p>Nous reprenons des <span style=\"color: #339966; font-size: 14pt;\"><strong>chansons fran\u00e7aises<\/strong><\/span>, <span style=\"font-size: 14pt;\"><strong><span style=\"color: #339966;\">internationales<\/span><\/strong><\/span>, des succ\u00e8s <span style=\"font-size: 14pt;\"><strong><span style=\"color: #339966;\">jazz manouche<\/span><\/strong><\/span>,<span style=\"font-size: 14pt;\"> <strong><span style=\"color: #339966;\">tangos<\/span><\/strong><\/span>, <span style=\"color: #339966; font-size: 14pt;\"><strong>bossas<\/strong> <\/span><span style=\"color: #339966;\"><strong><span style=\"font-size: 14pt;\">gitanes<\/span><\/strong><\/span>, <span style=\"color: #339966; font-size: 14pt;\"><strong>valses musettes<\/strong><\/span>\u2026en y mettant \u00e0 chaque fois <span style=\"color: #000000;\"><strong>notre petite touche personnelle<\/strong><\/span>.<\/p>\n<p>De la <span style=\"color: #800080;\"><strong>tenue<\/strong><\/span>, de la<span style=\"color: #800080;\"><strong> qualit\u00e9<\/strong><\/span>, de la <span style=\"color: #800080;\"><strong>vari\u00e9t\u00e9<\/strong><\/span>, et bien d\u2019autres surprises pour <span style=\"color: #800080;\"><span style=\"font-size: 14pt;\"><strong><span style=\"font-size: 12pt;\">un programme p\u00e9tillant et vari\u00e9.<\/span><\/strong><\/span><\/span><\/p>\n<p><span style=\"color: #000000; font-size: 14pt;\"><strong>Laissez vous emmener pour une agr\u00e9able balade en musique avec le duo <span style=\"font-size: 12pt;\">SUR LES QUAIS<\/span> !<\/strong><\/span><\/p>\n<p><span style=\"text-decoration: underline;\">Zone d\u2019intervention\u00a0<\/span>: Nord, Pas de Calais, Somme, Aisne, Belgique frontali\u00e8re.<\/p>\n<p style=\"text-align: center;\"><strong><span style=\"font-size: 10pt;\"><span style=\"text-align: left; color: #676767; text-transform: none; text-indent: 0px; letter-spacing: normal; font-family: 'Muli',sans-serif; font-style: normal; font-variant: normal; text-decoration: none; word-spacing: 0px; display: inline !important; white-space: normal; orphans: 2; float: none; -webkit-text-stroke-width: 0px; background-color: #ffffff;\"><span style=\"text-decoration: underline;\">Courriel:<\/span> contact@claudechevalier.fr &#8211;\u00a0<\/span><span style=\"text-align: left; color: #676767; text-transform: none; text-indent: 0px; letter-spacing: normal; font-family: 'Muli',sans-serif; font-style: normal; font-variant: normal; text-decoration: none; word-spacing: 0px; display: inline !important; white-space: normal; orphans: 2; float: none; -webkit-text-stroke-width: 0px; background-color: #ffffff;\"><span style=\"text-decoration: underline;\">Association Zicalam<\/span><span style=\"text-align: left; color: #676767; text-transform: none; text-indent: 0px; letter-spacing: normal; font-family: 'Muli',sans-serif; font-style: normal; font-variant: normal; text-decoration: none; word-spacing: 0px; display: inline !important; white-space: normal; orphans: 2; float: none; -webkit-text-stroke-width: 0px; background-color: #ffffff;\">\u00a0: https\u00a0:\/\/zicalam.com &#8211;\u00a0<\/span><\/span><span style=\"text-align: left; color: #676767; text-transform: none; text-indent: 0px; letter-spacing: normal; font-family: 'Muli',sans-serif; font-style: normal; font-variant: normal; text-decoration: none; word-spacing: 0px; display: inline !important; white-space: normal; orphans: 2; float: none; -webkit-text-stroke-width: 0px; background-color: #ffffff;\"><span style=\"text-align: left; color: #676767; text-transform: none; text-indent: 0px; letter-spacing: normal; font-family: 'Muli',sans-serif; font-style: normal; font-variant: normal; text-decoration: none; word-spacing: 0px; display: inline !important; white-space: normal; orphans: 2; float: none; -webkit-text-stroke-width: 0px; background-color: #ffffff;\"><span style=\"text-decoration: underline;\">Page Facebook<\/span><span style=\"text-align: left; color: #676767; text-transform: none; text-indent: 0px; letter-spacing: normal; font-family: 'Muli',sans-serif; font-style: normal; font-variant: normal; text-decoration: none; word-spacing: 0px; display: inline !important; white-space: normal; orphans: 2; float: none; -webkit-text-stroke-width: 0px; background-color: #ffffff;\">\u00a0: SUR LES QUAIS<\/span><\/span><\/span><\/span><\/strong><\/p>\n<p><img loading=\"lazy\" class=\" wp-image-311 alignleft\" src=\"http:\/\/claudechevalier.fr\/wp-content\/uploads\/2020\/05\/photo-4-225x300.jpg\" alt=\"\" width=\"210\" height=\"280\" srcset=\"https:\/\/claudechevalier.fr\/wp-content\/uploads\/2020\/05\/photo-4-225x300.jpg 225w, https:\/\/claudechevalier.fr\/wp-content\/uploads\/2020\/05\/photo-4-767x1024.jpg 767w, https:\/\/claudechevalier.fr\/wp-content\/uploads\/2020\/05\/photo-4-768x1026.jpg 768w, https:\/\/claudechevalier.fr\/wp-content\/uploads\/2020\/05\/photo-4-1150x1536.jpg 1150w, https:\/\/claudechevalier.fr\/wp-content\/uploads\/2020\/05\/photo-4-1533x2048.jpg 1533w, https:\/\/claudechevalier.fr\/wp-content\/uploads\/2020\/05\/photo-4-scaled.jpg 1916w\" sizes=\"(max-width: 210px) 100vw, 210px\" \/><\/p>\n<p><img loading=\"lazy\" class=\"wp-image-403 alignright\" style=\"color: #676767; font-family: Muli, sans-serif; font-size: 1rem;\" src=\"http:\/\/claudechevalier.fr\/wp-content\/uploads\/2020\/11\/IMG_20200912_180226-300x225.jpg\" alt=\"\" width=\"288\" height=\"216\" srcset=\"https:\/\/claudechevalier.fr\/wp-content\/uploads\/2020\/11\/IMG_20200912_180226-300x225.jpg 300w, https:\/\/claudechevalier.fr\/wp-content\/uploads\/2020\/11\/IMG_20200912_180226-640x480.jpg 640w, https:\/\/claudechevalier.fr\/wp-content\/uploads\/2020\/11\/IMG_20200912_180226.jpg 769w\" sizes=\"(max-width: 288px) 100vw, 288px\" \/><\/p>\n<p><img loading=\"lazy\" class=\"alignnone wp-image-402\" src=\"http:\/\/claudechevalier.fr\/wp-content\/uploads\/2020\/11\/IMG_20200918_175413-225x300.jpg\" alt=\"\" width=\"217\" height=\"290\" srcset=\"https:\/\/claudechevalier.fr\/wp-content\/uploads\/2020\/11\/IMG_20200918_175413-225x300.jpg 225w, https:\/\/claudechevalier.fr\/wp-content\/uploads\/2020\/11\/IMG_20200918_175413.jpg 433w\" sizes=\"(max-width: 217px) 100vw, 217px\" \/><\/p>\n<h2 style=\"text-align: left;\"><span style=\"font-size: 14pt;\"><strong>Types de prestations<\/strong><\/span><\/h2>\n<p>Vernissages.\u00a0 \u00a0 Vins d&#8217;honneur.\u00a0 \u00a0Accueil du public.\u00a0 \u00a0 Voeux du Maire&#8230;..<\/p>\n<h2><strong><span style=\"font-size: 12pt;\">&#8220;je m&#8217;voyais d\u00e9j\u00e0&#8221;\u00a0 \u00a0 \u00a0guitare et accord\u00e9on<\/span><\/strong><\/h2>\n<!--[if lt IE 9]><script>document.createElement('audio');<\/script><![endif]-->\n<audio class=\"wp-audio-shortcode\" id=\"audio-169-1\" preload=\"none\" style=\"width: 100%;\" controls=\"controls\"><source type=\"audio\/mpeg\" src=\"http:\/\/claudechevalier.fr\/wp-content\/uploads\/2020\/07\/JE-MVOYAIS-DEJA-par-SUR-LES-QUAIS.mp3?_=1\" \/><a href=\"http:\/\/claudechevalier.fr\/wp-content\/uploads\/2020\/07\/JE-MVOYAIS-DEJA-par-SUR-LES-QUAIS.mp3\">http:\/\/claudechevalier.fr\/wp-content\/uploads\/2020\/07\/JE-MVOYAIS-DEJA-par-SUR-LES-QUAIS.mp3<\/a><\/audio>\n<h3><span style=\"font-size: 14pt;\"><strong>&#8220;la balade irlandaise&#8221;\u00a0 guitare et accord\u00e9on<\/strong><\/span><\/h3>\n<audio class=\"wp-audio-shortcode\" id=\"audio-169-2\" preload=\"none\" style=\"width: 100%;\" controls=\"controls\"><source type=\"audio\/mpeg\" src=\"http:\/\/claudechevalier.fr\/wp-content\/uploads\/2020\/07\/La-ballade-irlandaise-mp3.mp3?_=2\" \/><a href=\"http:\/\/claudechevalier.fr\/wp-content\/uploads\/2020\/07\/La-ballade-irlandaise-mp3.mp3\">http:\/\/claudechevalier.fr\/wp-content\/uploads\/2020\/07\/La-ballade-irlandaise-mp3.mp3<\/a><\/audio>\n<h4><strong><span style=\"font-size: 14pt;\">&#8220;la foule&#8221;\u00a0 \u00a0yukul\u00e9l\u00e9 et accord\u00e9on<\/span><\/strong><\/h4>\n<audio class=\"wp-audio-shortcode\" id=\"audio-169-3\" preload=\"none\" style=\"width: 100%;\" controls=\"controls\"><source type=\"audio\/mpeg\" src=\"http:\/\/claudechevalier.fr\/wp-content\/uploads\/2020\/07\/La-foule-avec-uku.mp3?_=3\" \/><a href=\"http:\/\/claudechevalier.fr\/wp-content\/uploads\/2020\/07\/La-foule-avec-uku.mp3\">http:\/\/claudechevalier.fr\/wp-content\/uploads\/2020\/07\/La-foule-avec-uku.mp3<\/a><\/audio>\n<p>&nbsp;<\/p>\n","protected":false},"excerpt":{"rendered":"<p>SUR LES QUAIS Duo d&#8217;accord\u00e9on,\u00a0guitares et ukul\u00e9l\u00e9\u00a0 pour toutes vos manifestations. Nous reprenons des chansons fran\u00e7aises, internationales, des succ\u00e8s jazz manouche, tangos, bossas gitanes, valses musettes\u2026en y mettant \u00e0 chaque<a href=\"https:\/\/claudechevalier.fr\/index.php\/duo-sur-les-quais\/\" class=\"more-link\"><span class=\"readmore\">Continue reading<span class=\"screen-reader-text\">Duo &#8220;Sur les quais&#8221;.<\/span><\/span><\/a><\/p>\n","protected":false},"author":1,"featured_media":0,"parent":0,"menu_order":0,"comment_status":"closed","ping_status":"closed","template":"","meta":[],"_links":{"self":[{"href":"https:\/\/claudechevalier.fr\/index.php\/wp-json\/wp\/v2\/pages\/169"}],"collection":[{"href":"https:\/\/claudechevalier.fr\/index.php\/wp-json\/wp\/v2\/pages"}],"about":[{"href":"https:\/\/claudechevalier.fr\/index.php\/wp-json\/wp\/v2\/types\/page"}],"author":[{"embeddable":true,"href":"https:\/\/claudechevalier.fr\/index.php\/wp-json\/wp\/v2\/users\/1"}],"replies":[{"embeddable":true,"href":"https:\/\/claudechevalier.fr\/index.php\/wp-json\/wp\/v2\/comments?post=169"}],"version-history":[{"count":21,"href":"https:\/\/claudechevalier.fr\/index.php\/wp-json\/wp\/v2\/pages\/169\/revisions"}],"predecessor-version":[{"id":405,"href":"https:\/\/claudechevalier.fr\/index.php\/wp-json\/wp\/v2\/pages\/169\/revisions\/405"}],"wp:attachment":[{"href":"https:\/\/claudechevalier.fr\/index.php\/wp-json\/wp\/v2\/media?parent=169"}],"curies":[{"name":"wp","href":"https:\/\/api.w.org\/{rel}","templated":true}]}}