{"id":166,"date":"2020-03-28T14:13:55","date_gmt":"2020-03-28T13:13:55","guid":{"rendered":"http:\/\/claudechevalier.fr\/?page_id=166"},"modified":"2020-11-29T19:41:21","modified_gmt":"2020-11-29T18:41:21","slug":"la-cabaret-des-lampions","status":"publish","type":"page","link":"https:\/\/claudechevalier.fr\/index.php\/la-cabaret-des-lampions\/","title":{"rendered":"La Cabaret des Lampions"},"content":{"rendered":"<h1 style=\"text-align: center;\"><span style=\"font-family: 'times new roman', times, serif;\"><strong><span style=\"font-size: 18pt;\">Le cabaret des lampions<\/span><\/strong><\/span><br \/>\n<span style=\"font-family: 'times new roman', times, serif;\"><strong><span style=\"font-size: 18pt;\">Un spectacle un peu zinzin !<\/span><\/strong><\/span><\/h1>\n<p><img loading=\"lazy\" class=\"wp-image-390 alignnone\" src=\"http:\/\/claudechevalier.fr\/wp-content\/uploads\/2020\/11\/DSC9270-bis-300x300.jpg\" alt=\"\" width=\"253\" height=\"253\" srcset=\"https:\/\/claudechevalier.fr\/wp-content\/uploads\/2020\/11\/DSC9270-bis-300x300.jpg 300w, https:\/\/claudechevalier.fr\/wp-content\/uploads\/2020\/11\/DSC9270-bis-1024x1024.jpg 1024w, https:\/\/claudechevalier.fr\/wp-content\/uploads\/2020\/11\/DSC9270-bis-150x150.jpg 150w, https:\/\/claudechevalier.fr\/wp-content\/uploads\/2020\/11\/DSC9270-bis-768x768.jpg 768w, https:\/\/claudechevalier.fr\/wp-content\/uploads\/2020\/11\/DSC9270-bis-1536x1536.jpg 1536w, https:\/\/claudechevalier.fr\/wp-content\/uploads\/2020\/11\/DSC9270-bis-2048x2048.jpg 2048w, https:\/\/claudechevalier.fr\/wp-content\/uploads\/2020\/11\/DSC9270-bis-640x640.jpg 640w, https:\/\/claudechevalier.fr\/wp-content\/uploads\/2020\/11\/DSC9270-bis-180x180.jpg 180w, https:\/\/claudechevalier.fr\/wp-content\/uploads\/2020\/11\/DSC9270-bis-50x50.jpg 50w\" sizes=\"(max-width: 253px) 100vw, 253px\" \/><img loading=\"lazy\" class=\"wp-image-389 alignnone\" src=\"http:\/\/claudechevalier.fr\/wp-content\/uploads\/2020\/11\/DSC9269-2-300x300.jpg\" alt=\"\" width=\"250\" height=\"250\" srcset=\"https:\/\/claudechevalier.fr\/wp-content\/uploads\/2020\/11\/DSC9269-2-300x300.jpg 300w, https:\/\/claudechevalier.fr\/wp-content\/uploads\/2020\/11\/DSC9269-2-1024x1024.jpg 1024w, https:\/\/claudechevalier.fr\/wp-content\/uploads\/2020\/11\/DSC9269-2-150x150.jpg 150w, https:\/\/claudechevalier.fr\/wp-content\/uploads\/2020\/11\/DSC9269-2-768x768.jpg 768w, https:\/\/claudechevalier.fr\/wp-content\/uploads\/2020\/11\/DSC9269-2-1536x1536.jpg 1536w, https:\/\/claudechevalier.fr\/wp-content\/uploads\/2020\/11\/DSC9269-2-2048x2048.jpg 2048w, https:\/\/claudechevalier.fr\/wp-content\/uploads\/2020\/11\/DSC9269-2-640x640.jpg 640w, https:\/\/claudechevalier.fr\/wp-content\/uploads\/2020\/11\/DSC9269-2-180x180.jpg 180w, https:\/\/claudechevalier.fr\/wp-content\/uploads\/2020\/11\/DSC9269-2-50x50.jpg 50w\" sizes=\"(max-width: 250px) 100vw, 250px\" \/><img loading=\"lazy\" class=\"wp-image-391 alignnone\" style=\"font-size: 1rem;\" src=\"http:\/\/claudechevalier.fr\/wp-content\/uploads\/2020\/11\/DSC9272-2-300x300.jpg\" alt=\"\" width=\"249\" height=\"249\" srcset=\"https:\/\/claudechevalier.fr\/wp-content\/uploads\/2020\/11\/DSC9272-2-300x300.jpg 300w, https:\/\/claudechevalier.fr\/wp-content\/uploads\/2020\/11\/DSC9272-2-1024x1024.jpg 1024w, https:\/\/claudechevalier.fr\/wp-content\/uploads\/2020\/11\/DSC9272-2-150x150.jpg 150w, https:\/\/claudechevalier.fr\/wp-content\/uploads\/2020\/11\/DSC9272-2-768x768.jpg 768w, https:\/\/claudechevalier.fr\/wp-content\/uploads\/2020\/11\/DSC9272-2-1536x1536.jpg 1536w, https:\/\/claudechevalier.fr\/wp-content\/uploads\/2020\/11\/DSC9272-2-2048x2048.jpg 2048w, https:\/\/claudechevalier.fr\/wp-content\/uploads\/2020\/11\/DSC9272-2-640x640.jpg 640w, https:\/\/claudechevalier.fr\/wp-content\/uploads\/2020\/11\/DSC9272-2-180x180.jpg 180w, https:\/\/claudechevalier.fr\/wp-content\/uploads\/2020\/11\/DSC9272-2-50x50.jpg 50w\" sizes=\"(max-width: 249px) 100vw, 249px\" \/><\/p>\n<p><span style=\"color: #ff0000;\"><strong><span style=\"font-size: 14pt;\"><span style=\"color: #000000;\">Retour sur<\/span> <span style=\"font-family: comic sans ms,sans-serif;\">une \u00e9poque folle<span style=\"color: #000000;\">,<\/span><\/span> <\/span><span style=\"font-family: comic sans ms,sans-serif; font-size: 14pt;\">un besoin de <\/span><\/strong><\/span><strong style=\"font-size: 1rem; color: #ff0000;\"><span style=\"font-family: comic sans ms,sans-serif; font-size: 14pt;\">s&#8217;\u00e9vader\u00a0<\/span><span style=\"font-size: 14pt;\">\u2026.<\/span><\/strong><\/p>\n<p><span style=\"color: #000000; font-family: comic sans ms,sans-serif;\"><strong><span style=\"color: #ff0000; font-size: 14pt;\"><span style=\"color: #000000;\">Un<\/span> pianiste<\/span><span style=\"font-size: 14pt;\">, <span style=\"color: #ff0000;\"><span style=\"color: #000000;\">une<\/span> accord\u00e9oniste<\/span> et<span style=\"color: #ff0000;\"><span style=\"color: #000000;\"> une<\/span> chanteuse<\/span> vous emm\u00e8nent au d\u00e9but du si\u00e8cle\u2026<\/span><\/strong><\/span><\/p>\n<p>*************************************************************************************************************<span style=\"text-decoration: underline;\"><span style=\"color: #000000;\"><strong><span style=\"font-size: 14pt;\"><span style=\"color: #008000; text-decoration: underline;\">Au d\u00e9but du si\u00e8cle<\/span> il y avait ce qu&#8217;on appelait :<\/span><\/strong><\/span><\/span><br \/>\n<span style=\"color: #000000;\"><strong><span style=\"font-size: 14pt;\"><span style=\"color: #008000;\">\u00ab la belle \u00e9poque \u00bb <\/span>avec des chansons telles que :<\/span><\/strong><\/span><\/p>\n<p><span style=\"color: #000000;\"><strong><span style=\"font-size: 14pt;\"> <span style=\"color: #008000;\">&#8220;froufrou&#8221;<span style=\"color: #b00000;\"> \u00a0 \u00a0 \u00a0 \u00a0\u00a0 <\/span><\/span><span style=\"color: #008000;\">&#8220;viens <\/span><span style=\"text-align: left; text-transform: none; text-indent: 0px; letter-spacing: normal; font-family: 'Muli',sans-serif; font-size: 14pt; font-style: normal; font-variant: normal; text-decoration: none; word-spacing: 0px; display: inline !important; white-space: normal; orphans: 2; float: none; -webkit-text-stroke-width: 0px; background-color: #ffffff;\"><span style=\"color: #008000;\">poupoule&#8221;<span style=\"color: #b00000;\"> \u00a0 \u00a0 \u00a0 \u00a0 \u00a0 \u00a0 \u00a0 <\/span><\/span><span style=\"color: #008000;\">&#8220;la<\/span> <span style=\"color: #008000;\">tonkinoise&#8221;<\/span> \u2026<\/span><\/span><\/strong><\/span><\/p>\n<p><i><\/i><u><\/u>*************************************************************************************************************<\/p>\n<p><span style=\"color: #000000;\"><strong><span style=\"font-size: 14pt;\">*Puis les \u00e9v\u00e8nements de 14 \/18 viennent noircir la face du <span style=\"text-align: left; text-transform: none; text-indent: 0px; letter-spacing: normal; font-family: 'Muli',sans-serif; font-size: 14pt; font-style: normal; font-variant: normal; text-decoration: none; word-spacing: 0px; display: inline !important; white-space: normal; orphans: 2; float: none; -webkit-text-stroke-width: 0px; background-color: #ffffff;\">monde , alors&#8230;.. \u00a0 \u00a0 \u00a0 \u00a0 \u00a0 \u00a0 \u00a0 \u00a0 \u00a0 \u00a0 \u00a0 \u00a0\u00a0 <span style=\"color: #000080;\">on a besoin d&#8217;oublier, de s&#8217;\u00e9vader !<\/span><\/span><\/span><\/strong><\/span><br \/>\n<span style=\"color: #000000;\"><span style=\"font-size: 14pt;\"><b>*C&#8217;est le grand virage :<span style=\"color: #000080;\"> \u00ab les ann\u00e9es folles \u00bb<\/span> d\u00e9marrent sur les <\/b><span style=\"text-align: left; text-transform: none; text-indent: 0px; letter-spacing: normal; font-family: 'Muli',sans-serif; font-size: 14pt; font-style: normal; font-variant: normal; text-decoration: none; word-spacing: 0px; display: inline !important; white-space: normal; orphans: 2; float: none; -webkit-text-stroke-width: 0px; background-color: #ffffff;\"><b>chapeaux de roues !\u00a0\u00a0\u00a0\u00a0\u00a0\u00a0\u00a0\u00a0\u00a0\u00a0 \u00a0 \u00a0 <span style=\"color: #808000;\">\u00a0<\/span><\/b><span style=\"text-align: left; color: #000000; text-transform: none; text-indent: 0px; letter-spacing: normal; font-family: 'Muli',sans-serif; font-size: 14pt; font-style: normal; font-variant: normal; text-decoration: none; word-spacing: 0px; display: inline !important; white-space: normal; orphans: 2; float: none; -webkit-text-stroke-width: 0px; background-color: #ffffff;\"><span style=\"color: #808000;\"><b>Mistinguett, \u00a0 <\/b><\/span><span style=\"display: inline !important; float: none; background-color: #ffffff; color: #000000; font-family: 'Muli',sans-serif; font-size: 14pt; font-style: normal; font-variant: normal; font-weight: bold; letter-spacing: normal; orphans: 2; text-align: left; text-decoration: none; text-indent: 0px; text-transform: none; -webkit-text-stroke-width: 0px; white-space: normal; word-spacing: 0px;\"><span style=\"color: #808000;\">Jos\u00e9phine Baker, Maurice Chevalier&#8230;. \u00a0 \u00a0<\/span> \u00a0 \u00a0 \u00a0 \u00a0 \u00a0 \u00a0 \u00a0 \u00a0 \u00a0 \u00a0 \u00a0 \u00a0 \u00a0 \u00a0 \u00a0 \u00a0 \u00a0 \u00a0 \u00a0 \u00a0 \u00a0 \u00a0 \u00a0 \u00a0 \u00a0 \u00a0 *<\/span><\/span><\/span><\/span><\/span><b><\/b><i><\/i><u><\/u><b><\/b><i><\/i><u><\/u><span style=\"color: #000000;\"><strong><span style=\"font-size: 14pt;\">C&#8217;est l&#8217;arriv\u00e9e du <span style=\"color: #000080;\">charleston<\/span>, du <span style=\"color: #000080;\">jazz<\/span>, des <span style=\"color: #000080;\">revues parisiennes<\/span> <span style=\"text-align: left; text-transform: none; text-indent: 0px; letter-spacing: normal; font-family: 'Muli',sans-serif; font-size: 14pt; font-style: normal; font-variant: normal; text-decoration: none; word-spacing: 0px; display: inline !important; white-space: normal; orphans: 2; float: none; -webkit-text-stroke-width: 0px; background-color: #ffffff;\">grandiloquentes&#8230;.<\/span><\/span><u><\/u><\/strong><\/span><\/p>\n<p><span style=\"color: #000000;\"><strong><span style=\"font-size: 14pt;\">\u00a0 \u00a0 \u00a0 \u00a0 \u00a0 \u00a0 <span style=\"text-align: left; text-transform: none; text-indent: 0px; letter-spacing: normal; font-family: 'Muli',sans-serif; font-size: 14pt; font-style: normal; font-variant: normal; text-decoration: none; word-spacing: 0px; display: inline !important; white-space: normal; orphans: 2; float: none; -webkit-text-stroke-width: 0px; background-color: #ffffff;\">\u00a0 \u00a0 \u00a0 \u00a0 \u00a0 \u00a0 \u00a0 \u00a0 \u00a0 \u00a0 \u00a0 \u00a0 \u00a0\u00a0<\/span><\/span><\/strong><\/span><b><\/b><\/p>\n<p style=\"text-align: center;\"><span style=\"color: #000000;\"><strong><span style=\"font-size: 14pt;\">Puis les chanteuses r\u00e9alistes se mettent \u00e0 cultiver l&#8217;humour ,<span style=\"text-align: left; text-transform: none; text-indent: 0px; letter-spacing: normal; font-family: 'Muli',sans-serif; font-size: 14pt; font-style: normal; font-variant: normal; text-decoration: none; word-spacing: 0px; display: inline !important; white-space: normal; orphans: 2; float: none; -webkit-text-stroke-width: 0px; background-color: #ffffff;\">chansons reprises , il y a quelques ann\u00e9es par le <span style=\"text-align: left; text-transform: none; text-indent: 0px; letter-spacing: normal; font-family: 'Muli',sans-serif; font-size: 14pt; font-style: normal; font-variant: normal; text-decoration: none; word-spacing: 0px; display: inline !important; white-space: normal; orphans: 2; float: none; -webkit-text-stroke-width: 0px; background-color: #ffffff;\">chanteur Renaud :<\/span><\/span><\/span><i><\/i><u><\/u><i><\/i><u><\/u><\/strong><\/span><\/p>\n<p><span style=\"color: #000000;\"><strong><span style=\"font-size: 14pt;\"><span style=\"color: #ff6600;\">&#8220;la jeune fille du m\u00e9tro&#8221;, &#8220;tel qu&#8217;il est&#8221; , &#8220;c&#8217;est un <\/span><span style=\"text-align: left; text-transform: none; text-indent: 0px; letter-spacing: normal; font-family: 'Muli',sans-serif; font-size: 14pt; font-style: normal; font-variant: normal; text-decoration: none; word-spacing: 0px; display: inline !important; white-space: normal; orphans: 2; float: none; -webkit-text-stroke-width: 0px; background-color: #ffffff;\"><span style=\"color: #ff6600;\">mauvais gar\u00e7on&#8221;, &#8220;le p&#8217;tit bal du sam&#8217;di soir&#8221;&#8230;<\/span><\/span><\/span><i><\/i><u><\/u><\/strong><\/span><\/p>\n<p><span style=\"color: #000000;\"><strong><span style=\"font-size: 14pt;\">Apr\u00e8s ce voyage historique haut en couleurs, <span style=\"text-align: left; text-transform: none; text-indent: 0px; letter-spacing: normal; font-family: 'Muli',sans-serif; font-size: 14pt; font-style: normal; font-variant: normal; text-decoration: none; word-spacing: 0px; display: inline !important; white-space: normal; orphans: 2; float: none; -webkit-text-stroke-width: 0px; background-color: #ffffff;\">la piste de danse vous tend les bras !<\/span><\/span><\/strong><\/span><\/p>\n<h2 style=\"text-align: center;\"><b><\/b><i><\/i><u><\/u><strong><span style=\"font-size: 14pt; color: #ff0000;\"> Bienvenue \u00e0 la guinguette du bonheur&#8230;<\/span><\/strong><\/h2>\n","protected":false},"excerpt":{"rendered":"<p>Le cabaret des lampions Un spectacle un peu zinzin ! Retour sur une \u00e9poque folle, un besoin de s&#8217;\u00e9vader\u00a0\u2026. Un pianiste, une accord\u00e9oniste et une chanteuse vous emm\u00e8nent au d\u00e9but<a href=\"https:\/\/claudechevalier.fr\/index.php\/la-cabaret-des-lampions\/\" class=\"more-link\"><span class=\"readmore\">Continue reading<span class=\"screen-reader-text\">La Cabaret des Lampions<\/span><\/span><\/a><\/p>\n","protected":false},"author":1,"featured_media":0,"parent":0,"menu_order":0,"comment_status":"closed","ping_status":"closed","template":"","meta":[],"_links":{"self":[{"href":"https:\/\/claudechevalier.fr\/index.php\/wp-json\/wp\/v2\/pages\/166"}],"collection":[{"href":"https:\/\/claudechevalier.fr\/index.php\/wp-json\/wp\/v2\/pages"}],"about":[{"href":"https:\/\/claudechevalier.fr\/index.php\/wp-json\/wp\/v2\/types\/page"}],"author":[{"embeddable":true,"href":"https:\/\/claudechevalier.fr\/index.php\/wp-json\/wp\/v2\/users\/1"}],"replies":[{"embeddable":true,"href":"https:\/\/claudechevalier.fr\/index.php\/wp-json\/wp\/v2\/comments?post=166"}],"version-history":[{"count":11,"href":"https:\/\/claudechevalier.fr\/index.php\/wp-json\/wp\/v2\/pages\/166\/revisions"}],"predecessor-version":[{"id":407,"href":"https:\/\/claudechevalier.fr\/index.php\/wp-json\/wp\/v2\/pages\/166\/revisions\/407"}],"wp:attachment":[{"href":"https:\/\/claudechevalier.fr\/index.php\/wp-json\/wp\/v2\/media?parent=166"}],"curies":[{"name":"wp","href":"https:\/\/api.w.org\/{rel}","templated":true}]}}